Suppose -5*y + s = -35, -s + 16 = 5*y - 29. Suppose 3*f + 175 = y*f. List the prime factors of f.
5, 7
List the prime factors of -10 + 8 - (-19 + -2).
19
Suppose 0 = g - 3*a + 4, -3*a + 37 = 2*g - 0*a. What are the prime factors of g?
11
List the prime factors of ((-15)/(-2)*3)/((-9)/(-84)).
2, 3, 5, 7
Let p be 1/(-2)*(1 - 21). Suppose h = 3*h - p. Suppose -h - 3 = -4*s. What are the prime factors of s?
2
Let b(y) = -y + 2. Let z be b(-2). Let j = -5 + 15. Suppose z*c + 22 = 4*t - j, -5*c = 5*t - 20. List the prime factors of t.
2, 3
Let s = -66 + 210. What are the prime factors of s?
2, 3
Let m be (-2)/6 - (-35)/15. Suppose 5*z - 2*z = 3*b - 141, m*z = 3*b - 143. List the prime factors of b.
7
Let w(h) = -1 + h**2 + 0 + 5*h**2 - h**3 + 10*h. Let d(q) = -q**2 - 8*q - 8. Let l be d(-5). List the prime factors of w(l).
2, 5
Let f = -32 + 127. What are the prime factors of f?
5, 19
Suppose 2*i - 40 - 18 = 0. List the prime factors of i.
29
Suppose -47 = -3*i + 19. Let d(w) = -w**3 + 5*w**2 + 7*w + 7. Let t be d(6). Suppose 5*c - i = t. List the prime factors of c.
7
Let a(k) = -2*k + k + 0 + 12. Let g be a(10). Suppose -n - 4 = -g*n. What are the prime factors of n?
2
Let u = -34 + 65. What are the prime factors of u?
31
Let b = -81 - -85. What are the prime factors of b?
2
Let p(s) = -1. Let v(f) = -2*f - 3. Let d(o) = -6*p(o) + 2*v(o). Let i be d(6). What are the prime factors of -1*i/(0 - -3)?
2
Let k(g) = 2*g**2 + g + 1. Let t = -10 - -15. Let r be k(t). Suppose -2*q = -6*q + r. List the prime factors of q.
2, 7
Let g = -94 - -173. List the prime factors of g.
79
Let f(j) = -j**2 + 7*j + 3. Let h be f(6). List the prime factors of 79/h + (-4)/(-18).
3
List the prime factors of ((-3 - 3)/1)/((-3)/18).
2, 3
Suppose 4*n - 6*n + 6 = 0. Suppose 0 = 2*w - n*o - 70, 0 = w - o - 0*o - 35. Suppose 0*m + w = 5*m. List the prime factors of m.
7
Let p(o) = o**2 - o + 7. Let q be p(0). Suppose 3*j - q = -4. What are the prime factors of (-4 - j)*1/(-1)?
5
Suppose 3*n - 12 = -4*x, 0 = 2*x - 3*n + 2*n - 16. What are the prime factors of x?
2, 3
Let r(g) = 2*g - 2. Let h be r(2). Let w(v) = -2*v - 2*v**h + v**3 - 8 + 3*v**2 + 7*v**2 + 7*v. List the prime factors of w(-7).
2, 3
Suppose d - 8 = -0*d. Suppose -d*m + 65 = -3*m. What are the prime factors of m?
13
Suppose 5*a - 2*t + 7*t = 980, 0 = t + 3. What are the prime factors of a?
199
Let v be (16/6)/((-3)/9). Let f be 5/(-2) + (-4)/v. List the prime factors of 3*f/(-6) + 6.
7
Suppose v + 8 = 5*v. Suppose -v*p + 2*l - l = -61, -5*p + 158 = 3*l. Let o = p - 16. What are the prime factors of o?
3, 5
Let g = -3 + -29. Let h = g + 59. List the prime factors of h.
3
Let a(j) = -j**2 - 10*j + 12. Let g be a(-9). What are the prime factors of 1 + g + (-1 - 2)?
19
Suppose 3*v = 11*v - 440. What are the prime factors of v?
5, 11
What are the prime factors of 155/10*6/3?
31
Let x = 10 + -5. Suppose -h + 2 = 3*f - 1, -x*h = 2*f + 11. Suppose -2*l = -f*t + 8, -4*t - 5*l + 3 + 13 = 0. List the prime factors of t.
2
Suppose 0 = -4*j + 5 + 7. Suppose -5*x = 4*q + 37 - 182, j*q = 4*x - 147. List the prime factors of x.
3, 11
Let v be (-2)/10 + (-42)/(-10). Suppose -y - 42 = -v*w + y, -2*w + 12 = -4*y. What are the prime factors of w?
2, 3
Let d(r) = -r**2 - 7*r + 11. Let z be d(-8). Suppose -z*g - 2*g - 25 = 0. Let c = g + 15. List the prime factors of c.
2, 5
Suppose 4 = -0*q + 4*q. Let y = 3 - q. Suppose 3*c = -3*k + 30, 2*k - 29 = -y*c - 3*c. List the prime factors of k.
7
Let u(w) = 9*w**2 - 7*w - 3. Let v(h) = 5*h**2 - 4*h - 2. Let k = -7 + 11. Let r(x) = k*u(x) - 7*v(x). List the prime factors of r(0).
2
Suppose v = -3*n + 2 + 14, 3*n = -3*v + 72. What are the prime factors of v?
2, 7
Let g(y) = -y**3 - 7*y**2 - 7*y + 4. Let t be g(-7). Suppose t = 3*m - 19. List the prime factors of m.
2, 3
Let t(h) = 16*h - 25. List the prime factors of t(6).
71
Let n(l) = -l + 1. Let w be n(-1). Let x be (30/9)/(w/6). Suppose -4*c + x = 5*g - 38, 3*c = -g + 36. What are the prime factors of c?
2, 3
Suppose 2*h - 19 = 45. What are the prime factors of h?
2
Let s = 15 - 10. Let m = s + -3. What are the prime factors of m?
2
Suppose -6*v + v + 500 = 0. What are the prime factors of v?
2, 5
Let t(n) = n**2 - n + 3. Let c be t(-4). Suppose -z + 4*y - y = 23, z = y - c. Let r = 34 + z. List the prime factors of r.
11
Suppose 0 = p + 2*p + 21. Let q = p - 1. List the prime factors of (2 + -10)*10/q.
2, 5
Let h be 50/18 + (-2)/(-9). Let w = 7 - h. What are the prime factors of w?
2
Let p be ((-3)/6)/(-1)*0. Suppose 4*c - 12 - 80 = p. Let j = c + -10. List the prime factors of j.
13
Suppose -y + 6*y = -3*a + 124, 3*y = -4*a + 169. What are the prime factors of a?
43
Let g = 250 - 176. List the prime factors of g.
2, 37
Let o(q) = q**2 - q + 2. What are the prime factors of o(4)?
2, 7
Suppose 2*b - 8 = 2*m - 3*b, 3*b = -5*m + 11. Let s = m - -8. What are the prime factors of s?
3
Suppose 139 = 4*f - x, -3*f + 0*f + x = -104. List the prime factors of f.
5, 7
Let h(d) = -2*d - 4. Let k be h(-3). Suppose k*r = -2*s + 7*r - 2, 0 = -2*s - 4*r - 2. List the prime factors of (5 - s)*6/4.
3
Let w(i) = 3*i**2 + 5*i - 9. List the prime factors of w(4).
59
What are the prime factors of -2*((-4)/14 + (-2471)/98)?
3, 17
Suppose -3*z + 5*v - 65 = -8*z, 0 = 2*z - 3*v - 31. Let u = z + -23. List the prime factors of (-24)/u + 2/6.
3
Let l(d) = d**2 + d - 2. Let a be l(-7). Let f be (-30)/4*a/(-6). Suppose -4*i + f = i. What are the prime factors of i?
2, 5
Suppose -3*d - 63 = -5*u, 48 = 4*u - 0*d - 3*d. Suppose -q + u = 4. What are the prime factors of q?
11
Let i(y) = 3*y + 1 - 1 - y**2 + 2*y**2 + 1. Let d be i(-3). What are the prime factors of (3 - -13) + d + -1?
2
Let v = 568 - 344. What are the prime factors of v?
2, 7
Let h = -16 + 27. Let f be (13/(-13))/(-2*2/4). List the prime factors of h - f - (-2 + 5).
7
Suppose -3*k = -k. Suppose k + 6 = y. What are the prime factors of y?
2, 3
Let k = -40 + 59. Let h = 20 + -11. Let q = k - h. List the prime factors of q.
2, 5
Let j(f) = f**2 + 3*f - 12. List the prime factors of j(-9).
2, 3, 7
Let h(p) = 2*p**3 - 9*p**2 + 7*p - 23. List the prime factors of h(7).
271
Suppose 9*v = 4*v + c + 13, -4*v + c = -10. Suppose -v*p + 30 = -0*p. List the prime factors of p.
2, 5
Let z(v) = 8*v + 47. List the prime factors of z(5).
3, 29
Let h(j) = -2*j + 7. Let v be h(6). Let s be v*2*3/(-6). Suppose y + 2*y - n - 26 = 0, -s*n = -5*y + 30. What are the prime factors of y?
2, 5
Suppose m - 1 + 12 = 3*f, 3*f + 4*m - 1 = 0. Suppose u - f*u - 3*x + 9 = 0, 0 = -4*x + 4. List the prime factors of u.
3
Let j be 4*(0 + 3/(-4)). Let a be 1*(16 + 0)*(-54)/108. List the prime factors of (-2)/(j - a/3).
2, 3
Suppose -10*m + 140 = -9*m. What are the prime factors of m?
2, 5, 7
Let x = -5 + 8. Suppose 0 = 2*j + 4, 0 = 2*v - 6*j + x*j - 22. List the prime factors of v.
2
Suppose -4*m + 12 = 4*x, 3*x - x - 2 = 0. List the prime factors of m.
2
Suppose 61 = 4*l - 11. Let r be (-1950)/l - (-1)/3. What are the prime factors of ((-1)/(-3))/((-4)/r)?
3
Let y(x) = 4*x + 1. Let a be y(1). Suppose 3*u = -s - u - 8, a*u - 16 = 2*s. Let g = 20 + s. List the prime factors of g.
2, 3
Let n(l) = 2*l**2 + 1. Let g be n(-1). Suppose a = 5*k - 38, g*a = 2*k + 7*a - 24. What are the prime factors of k?
2
Let g(l) = l**3 - 21*l**2 - 12*l - 40. List the prime factors of g(22).
2, 3, 5
Let y(o) = o**3 - 12*o**2 + 13*o + 3. List the prime factors of y(11).
5
Let m be 7/9 + 6/27. Let s = m + 4. Suppose s*p - 10 = 3*w, 5*p + w - 13 + 3 = 0. List the prime factors of p.
2
Suppose 2*q = -4*d + d, -3*q + 4*d = 0. Let a(o) = o**3 - o**2 - o + 5. List the prime factors of a(q).
5
Let h(i) = -i**3 - 5*i**2 + 5*i - 4. Let s = -8 - -2. Let g be h(s). Let v = g - -2. What are the prime factors of v?
2
Let g = -1 - -1. What are the prime factors of -33*6/(-9) - g?
2, 11
Suppose -s + 32 = -3*u + u, -s = 4*u - 2. What are the prime factors of s?
2, 11
Suppose -11 = -2*b + 55. What are the prime factors of b?
3, 11
Let y = 19 - 16. List the prime factors of y.
3
Let d = 5 + -12. What are the prime factors of (d/3)/(1/(-3))?
7
Let j = 92 + -9. List the prime factors of j.
83
Suppose -3*l - 18 = -4*d, 0 = 2*d + 4*l - 6*l - 10. Suppose 0 = -d*i - 11 + 2. Let y = 1 